se 4) in base 7?
3615504
What is 115024 (base 8) in base 6?
502340
What is 1202232402 (base 5) in base 15?
39be52
Convert -bb960 (base 12) to base 7.
-2053260
What is -42542344 (base 7) in base 6?
-205401354
What is -123291 (base 13) in base 14?
-b49a6
What is -2244462 (base 9) in base 2?
-100100111100010011000
455177 (base 10) to base 4
1233020021
What is 12536 (base 14) in base 6?
544004
What is c9a6 (base 15) in base 14?
117a9
What is 3231201020 (base 4) in base 2?
11101101100001001000
What is -1100010001010100111100 (base 2) in base 14?
-5da3a4
234423 (base 12) to base 5
121124022
What is -11451 (base 7) in base 10?
-2976
What is 1235611 (base 9) in base 12?
285817
Convert -2001220101101 (base 3) to base 7.
-12231664
-34782 (base 11) to base 16
-c408
-8527b (base 12) to base 11
-10a460
Convert 22001002120 (base 3) to base 11.
a89a5
14622721 (base 9) to base 5
3330400233
-171b1 (base 15) to base 10
-74641
Convert 14632 (base 14) to base 4.
30112310
Convert -6046566 (base 8) to base 3.
-2222220202200
1baa (base 16) to base 15
2172
What is 110101001001101110011 (base 2) in base 3?
10021111010210
Convert 234a015 (base 11) to base 6.
223500553
-8532b (base 12) to base 13
-61862
What is -8cde (base 15) in base 4?
-13103111
aac1a (base 13) to base 15
61b21
What is 162416466 (base 7) in base 12?
3831520
Convert 4fbde (base 16) to base 13.
b588a
-1425081 (base 10) to base 12
-588849
What is -115130103 (base 6) in base 5?
-1031021120
110011010100110110100 (base 2) to base 6
100014152
2d0a83 (base 14) to base 8
6010253
What is -6954357 (base 10) in base 8?
-32416565
-6a019 (base 12) to base 6
-3012033
Convert 131012213 (base 5) to base 16.
9ca16
Convert -9b8736 (base 13) to base 7.
-43143104
Convert -20003121122 (base 4) to base 16.
-20365a
-1308833 (base 11) to base 4
-20221103332
-68050 (base 16) to base 9
-718404
Convert 112112440 (base 5) to base 15.
9e580
Convert 37780 (base 14) to base 3.
20220110211
Convert -12041 (base 12) to base 15.
-72b1
Convert -434843 (base 15) to base 16.
-30e682
-130012220 (base 4) to base 5
-12140422
13332440 (base 5) to base 13
4a253
What is -513075 (base 10) in base 16?
-7d433
What is 42340014 (base 5) in base 16?
56d32
What is 11243150 (base 6) in base 12?
1494b6
Convert -251142422 (base 6) to base 7.
-55650623
Convert -100404040 (base 5) to base 16.
-628bd
Convert -11011101110010000100 (base 2) to base 8.
-3356204
Convert -432316 (base 7) to base 15.
-17487
What is 148b40c (base 14) in base 5?
10031103030
Convert 17727a2 (base 13) to base 8.
35071210
-1024142043 (base 5) to base 12
-890351
-2133322 (base 5) to base 10
-36712
What is -774355 (base 9) in base 8?
-1607217
What is -121101221110 (base 3) in base 16?
-4ed59
-162d1d (base 15) to base 10
-1072828
2bb1 (base 12) to base 6
35541
323703 (base 11) to base 16
7e49e
What is 253b9 (base 15) in base 8?
350276
Convert 11320121 (base 5) to base 11.
7149a
What is 2216103 (base 7) in base 3?
111220001210
What is 4b1a9b (base 13) in base 4?
12320101132
-903661 (base 10) to base 16
-dc9ed
-10331276 (base 8) to base 10
-2208446
302355 (base 7) to base 2
1100100001011110
Convert 1010100100011011 (base 2) to base 3.
2012101101
1001011111100111111 (base 2) to base 9
523670
What is -1c400b (base 14) in base 15?
-14e303
Convert 114026 (base 11) to base 13.
64536
Convert -13426504 (base 8) to base 15.
-3eb9e9
What is -3103554 (base 6) in base 10?
-148606
66d19 (base 16) to base 10
421145
What is -635337 (base 9) in base 5?
-44043044
What is 2602230 (base 10) in base 11?
1518104
Convert 4b0c19 (base 13) to base 8.
6676261
What is -204441 (base 14) in base 4?
-10021133221
Convert -34060 (base 7) to base 16.
-21a9
What is 311522 (base 8) in base 15?
208d5
-7c5df (base 16) to base 10
-509407
What is -2323b2 (base 12) in base 4?
-2021222312
What is -48942 (base 16) in base 5?
-34003112
What is 12404422 (base 8) in base 4?
22200210102
-761834 (base 9) to base 2
-1101110110111100101
b2ca86 (base 13) to base 16
3f9f25
100011120222 (base 3) to base 14
49ac6
What is 552272 (base 8) in base 14?
4b882
Convert -131320000113 (base 4) to base 14.
-107c103
Convert -10010110000110001000000 (base 2) to base 4.
-102300301000
What is -2001221010102 (base 3) in base 13?
-2c7113
10100010110001010 (base 2) to base 11
57682
Convert -2310331202 (base 4) to base 2.
-10110100111101100010
-87884 (base 11) to base 16
-1f211
710253 (base 8) to base 5
24434033
Convert -123442 (base 5) to base 11.
-372a
What is -1b89c (base 14) in base 2?
-10001001010100010
Convert -136b38 (base 16) to base 8.
-4665470
What is -11010101101001011010 (base 2) in base 15?
-12444d
101001111000101110 (base 2) to base 15
35c7b
Convert 6460457 (base 9) to base 11.
1a56aa2
-570184 (base 12) to base 6
-45441044
1430441 (base 7) to base 2
101110111100110001
-634663 (base 7) to base 3
-12120120001
Convert 16508 (base 10) to base 16.
407c
Convert 2231928 (base 10) to base 2.
1000100000111001111000
What is 77271752 (base 8) in base 4?
333113033222
What is 3162405 (base 7) in base 6?
12130343
Convert 130141112 (base 5) to base 2.
10011001111111111110
-a915a (base 11) to base 4
-212231233
Convert 896b10 (base 13) to base 6.
153255155
What is -51544111 (base 6) in base 7?
-15450556
1213131013 (base 4) to base 6
13025451
-2013010022 (base 4) to base 16
-8710a
-1a0640 (base 11) to base 7
-2422430
Convert 7426a (base 12) to base 4.
211031302
-2050212 (base 11) to base 16
-372f46
What is 162334 (base 8) in base 16?
e4dc
Convert 238356 (base 15) to base 10.
1698381
1224535554 (base 6) to base 10
14227486
What is 1531a7 (base 14) in base 9?
1345002
What is 10001a (base 14) in base 16?
834f8
Convert 27314c (base 13) to base 14.
1a9d7b
-120845 (base 9) to base 4
-101302130
What is -91056 (base 10) in base 8?
-261660
What is -4541466 (base 9) in base 12?
-9a0a66
What is 123342 (base 6) in base 2?
10101110001110
-2325445 (base 6) to base 9
-203242
What is 2711b7 (base 15) in base 16?
1ca3a1
Convert -254513 (base 8) to base 7.
-515466
Convert -62661655 (base 7) to base 16.
-50c1c1
83774 (base 9) to base 12
28011
What is -5ea3c6 (base 15) in base 11?
-2621168
What is -22193a (base 12) in base 3?
-1000112202201
What is -1058465 (base 12) in base 15?
-414b2b
Convert 334332111 (base 5) to base 7.
15403455
Convert -216516 (base 10) to base 16.
-34dc4
What is 2123011343 (base 5) in base 16?
44ad70
What is -20022002120110 (base 3) in base 14?
-63217b
-17225971 (base 10) to base 8
-101554363
What is 4887b (base 14) in base 13?
6290c
110001000110100 (base 2) to base 16
6234
Convert a8050 (base 11) to base 8.
462671
What is -3432302 (base 6) in base 7?
-1330445
What is 204229b (base 13) in base 9?
20344580
Convert -1b9114 (base 12) to base 14.
-cb768
What is 20064246 (base 7) in base 3?
10010111012110
Convert -33a2a1 (base 11) to base 7.
-4411333
Convert 143301 (base 8) to base 5.
3112011
Convert -14504 (base 9) to base 8.
-23236
What is 43140350 (base 6) in base 14?
251bd0
Convert a7262 (base 12) to base 9.
364472
What is 382499 (base 10) in base 13?
105140
2112514 (base 6) to base 16
1925e
What is -200159 (base 12) in base 11?
-310076
Convert 2231033 (base 4) to base 10.
11087
480a53 (base 12) to base 4
10123313133
What is 3123011331 (base 4) in base 14?
195085
What is 1230314 (base 7) in base 2?
100110101110100000
14101440 (base 5) to base 2
100011001001111011
Convert -465133 (base 7) to base 8.
-242736
-176564 (base 8) to base 7
-360111
What is -29ac3 (base 15) in base 16?
-20baa
-2570e0 (base 15) to base 11
-1017164
-127407 (base 8) to base 9
-67415
What is -895794 (base 14) in base 5?
-2143213213
What is 1012b55 (base 15) in base 13?
24abb9c
464b57 (base 13) to base 6
55422441
212203313320 (base 4) to base 15
d4a13d
-1453103 (base 7) to base 3
-101001112222
What is 352633 (base 7) in base 8?
173706
What is -15165c (base 13) in base 16?
-7e50a
What is 1002020112200 (base 3) in base 2?
10001100100001011001
8411fa (base 16) to base 5
4203432404
1290502 (base 10) to base 8
4730406
-2c97 (base 14) to base 8
-17445
What is -12302000023 (base 4) in base 11?
-1004659
What is 419c (base 13) in base 11?
6910
What is -9218 (base 13) in base 4?
-10322210
Convert 35151264 (base 7) to base 4.
23301330231
94101 (base 10) to base 4
112332111
10010110101110001011 (b